-836, -3*f = -2*q - u. List the prime factors of f.
2, 103
Suppose -3*a = -9, a - 1409 = -3*y + 1777. What are the prime factors of y?
1061
Suppose 0 = 3*l + 2*a - 293 + 105, 172 = 3*l - 2*a. Suppose h = -8 + l. List the prime factors of h.
2, 13
Suppose -251*n + 250*n + 300 = 5*b, 2 = -2*b. What are the prime factors of n?
5, 61
Let x be 18/36 - (-1294)/4. Let u = 543 - x. What are the prime factors of u?
3, 73
Let i be 4/(-18) - (-165)/135. List the prime factors of 36 + -2 - i*-2.
2, 3
Let v(o) = -o + 2. Let b be v(-5). Let m = 14 - b. Suppose -m*i = -10*i + 6. What are the prime factors of i?
2
Let j(x) = -145*x**2 - 4*x - 2. Let c be j(-2). Let h be (-10)/(-55) - c/(-11). Let i = -31 - h. What are the prime factors of i?
3, 7
Let l be 1/5 - 27/(-15). Let w be (-4 - -24)/l*1. Let z = 32 - w. What are the prime factors of z?
2, 11
What are the prime factors of (0 + 223)/((-12)/(-2) - 5)?
223
Suppose 0 = 14*o - 19188 - 1028. List the prime factors of o.
2, 19
Suppose 0 = -47*n + 49*n - l - 1798, -2706 = -3*n - 3*l. What are the prime factors of n?
2, 3, 5
Let c = 34 - 24. Suppose 3*j = -2*j + c. Let i(g) = 2*g**3 + g**2 - 1. List the prime factors of i(j).
19
Suppose 0 = -2*w + 5 - 3, 2*p = -3*w + 379. Suppose 4*h - 32 = p. What are the prime factors of h?
5, 11
List the prime factors of (1 - (-34)/4)/(122/10248).
2, 3, 7, 19
Let s(o) = 2718*o + 101. What are the prime factors of s(1)?
2819
Suppose 21719 = 21*b - 8941. What are the prime factors of b?
2, 5, 73
Let a(t) = -3*t**3 - 2*t**2 + 2*t + 2. Suppose -4*n - 15 = n. Let k be ((-4)/(-6))/(n/9). List the prime factors of a(k).
2, 7
Let x = -222 - -321. Let c = x - 61. List the prime factors of c.
2, 19
Suppose 0 = f - 3, 27 = -t + 4*f + 235. Suppose 0 = -6*h + h + t. What are the prime factors of h?
2, 11
Suppose 0 = -2*s - 0*s + 8. Suppose 4*a = 5*k + 26, 0*a - 3*a + 20 = -s*k. What are the prime factors of 39 + (-4 + 9 - a)?
2, 5
Suppose -25 = -5*t, 0 = 4*a - 4*t + 1 - 9. Suppose -3*w = -a*w. Suppose -h + 36 - 30 = w. List the prime factors of h.
2, 3
Let m = 7 + -11. Let r = 35 + m. Suppose 5*u - 34 = r. What are the prime factors of u?
13
Let n(z) = 2*z**2 - 8*z + 8. Let q(v) = -v**3 - 2*v**2 + 8*v - 9. Let s(a) = -4*n(a) - 3*q(a). List the prime factors of s(3).
2, 41
Let f = 2 - -12. Let i be (-312)/(-84) + 4/f. Suppose z + 0*z = i. List the prime factors of z.
2
Let t(l) = l + 6. Let h be t(-18). Let f be 6*4/h*2. Let c(b) = b**3 + 6*b**2 + 5*b + 5. List the prime factors of c(f).
17
Let l(r) = 79*r**3 + 4*r**2 - 2*r - 2. What are the prime factors of l(2)?
2, 3, 107
Suppose 1023 = 2*s + 59. List the prime factors of s.
2, 241
Let o = 37 + -32. Let f(r) = r**2 + 9*r - 8. List the prime factors of f(o).
2, 31
Let z = 43 + -45. Let h be (68/(-10))/((-2)/20). List the prime factors of (-1)/(z - (-134)/h).
2, 17
What are the prime factors of 335 + (-2 - (2/(-2) + 3))?
331
Let m(h) = -h + 11. Let q = -3 + 14. Suppose -q*z = -7*z. What are the prime factors of m(z)?
11
Suppose 7*b = 2*b + 3810. List the prime factors of b.
2, 3, 127
Suppose 3116 = 9*m + 560. What are the prime factors of m?
2, 71
Let y(z) = 9*z**2 - 46*z + 33. What are the prime factors of y(28)?
5801
Suppose z - i - 1392 = 0, -2*z + 3*z - 4*i = 1395. List the prime factors of z.
13, 107
Suppose -2*p + 4*p = 5*x - 25, p = -5*x + 25. Suppose 2*z - 256 = -p*z. List the prime factors of z.
2
Suppose -4*v = -v, -2*d + 5*v = 74. Let b = d + 74. Suppose -3*c + 4*c = b. List the prime factors of c.
37
Suppose 3*f + 5 = 4*h - 5, 5*f = 10. Suppose -4*i - 4*l = -134 - 14, h*i + 5*l = 143. What are the prime factors of i?
2, 3, 7
Let t(k) = 2*k**3 - k**3 + 210 - 53 + 2*k**2. What are the prime factors of t(0)?
157
Suppose -3*o + 0*a + 10 = -2*a, -4*o = -4*a - 20. Let v = 2 + o. What are the prime factors of v?
2
Let o(p) = -23*p - 22. Let r(k) = 92*k + 89. Let j(c) = 9*o(c) + 2*r(c). List the prime factors of j(-4).
2, 3
Let g be 2 + 2 + -5 - -1. Suppose -4*v + 2*j - 4*j = 0, 2*v - 5*j = 12. What are the prime factors of (2 - v) + (45 - g)?
2, 23
Let q = -39 + 44. Suppose 4*x = -q*l + 173, -7*l - x = -3*l - 145. List the prime factors of l.
37
Let c be 1 + -8 - (16 + -17). Let v(u) = -u**3 - 5*u**2 - 2*u - 13. What are the prime factors of v(c)?
5, 7
Let r be 58/(-6) - 4/(-6). Let w(n) = 2*n**2 + 12*n + 6. Let c be w(r). Suppose p + 2*p - 6 = 3*y, 0 = 5*p + 5*y - c. List the prime factors of p.
7
Suppose k = 5*u - 4186, 0*u - 4*k = -2*u + 1660. List the prime factors of u.
2, 419
Suppose 0 = -5*m + m - 4*z + 12384, -9312 = -3*m + 5*z. What are the prime factors of m?
3, 1033
Let r be (20/(-35))/((-2)/7). Let x be ((-6)/7)/(2/(-14)). Suppose 4*o = 8, z - 5*o = -r - x. What are the prime factors of z?
2
Let b be 0 - 2/(2 - 1 - 2). Suppose 5*l = -3*y + 463, 457 = 3*l + b*l - 3*y. What are the prime factors of l?
2, 23
Suppose 145 + 493 = 2*x + 4*k, 3*k = -4*x + 1256. List the prime factors of x.
311
Let f = 28 + -24. Suppose -46 = 2*m - f*m. What are the prime factors of m?
23
Suppose 0 = -2*s + 36 - 32. Suppose -3*g + 422 = 4*j + 119, s*g - 202 = -3*j. What are the prime factors of g?
101
Let b(q) = 53*q**2 - 3*q + 2. Suppose 4*a - 2*f - 2 = 0, 3*a + 3*f - 6 = -0*a. What are the prime factors of b(a)?
2, 13
What are the prime factors of (-1 + 7 - 7)/(2/(-3782))?
31, 61
Let a = 593 - -4318. List the prime factors of a.
3, 1637
Let r = -7 + 9. Suppose -x = -r*w - 104, -2*w = 2*x + 3*w - 199. What are the prime factors of x?
2, 3, 17
Suppose 4*u - 5*x - 11851 = 0, -2*u - 5*x = -3*u + 2944. List the prime factors of u.
2969
Let y(v) = -8*v**3 + 2*v**2 + 9*v + 44. List the prime factors of y(-5).
1049
Let k(n) = 74*n**2 + 13*n - 40. Let w be k(6). Suppose -16*m = -2*m - w. List the prime factors of m.
193
Let j(q) = 7*q**2 - 41*q + 85. What are the prime factors of j(20)?
5, 7, 59
Suppose 2*y - 217 = 2015. What are the prime factors of y?
2, 3, 31
Suppose -3*l + 9 = 0, -12 = f - 2*f - 2*l. Suppose 0 = -f*q - 43 + 295. List the prime factors of q.
2, 3, 7
Let y = 1010 - 276. List the prime factors of y.
2, 367
Suppose 43 = 7*k - 13. Let w(s) = -s**2 + 5*s - 4. Let c be w(4). Suppose c = 3*q - k - 4. List the prime factors of q.
2
Let m = -9 + 8. Let w be m/(-4) + 52/(-16). Let r = w - -33. List the prime factors of r.
2, 3, 5
Let h be (-1 - 1) + 60/12. Suppose 0 = -0*o - h*o - 1260. List the prime factors of o/(-12) + 8/(-2).
31
Let y(d) = d**3 - d. Let n be y(-3). Let k be 0 - 1 - n/4. Suppose 2*r + z - 68 = -0*z, 0 = -r - k*z + 43. What are the prime factors of r?
3, 11
Let r(m) = -2*m + 17. Let w be r(-5). Let l = 5 + 5. Let d = w + l. List the prime factors of d.
37
Suppose 5*h - 200 = 170. Suppose -2*c = 10 - h. List the prime factors of c.
2
Suppose -8*o - 364 + 6916 = 0. List the prime factors of o.
3, 7, 13
Let c be (-4 + -5)*(1 - 0). Let l = -6 - c. Suppose -l*n + 78 = 15. What are the prime factors of n?
3, 7
Suppose -5*f + 540 = m + 3*m, 4*f + 114 = m. Suppose -m = 114*h - 115*h. What are the prime factors of h?
2, 5, 13
List the prime factors of ((-74074)/28)/(-13) - (-2)/4.
2, 3, 17
Let n(u) be the first derivative of 2*u**3/3 - 9*u**2/2 + 6*u + 25. List the prime factors of n(-7).
167
Let w = -210 + 310. Suppose 5*l - w = -q - 10, -5*l + q = -100. Suppose 5*y - 46 = l. What are the prime factors of y?
13
Let j be (4/(-6))/((-4)/498). Let y = j - 150. Let f = y + 95. List the prime factors of f.
2, 7
Suppose -3*q = -9 - 6, 0 = -r + 2*q + 33. Suppose -38*m + r*m = 865. What are the prime factors of m?
173
Let f(a) = a**3 + a - 172. Suppose 0 = 2*j - j. Let i be f(j). What are the prime factors of 30/45 + i/(-3)?
2, 29
Let h = -35 - -28. Let v(r) = -3*r - 3. What are the prime factors of v(h)?
2, 3
Suppose 31*b + 237 = 33*b - 5*i, -4*b + 5*i = -499. What are the prime factors of b?
131
What are the prime factors of ((0 + -1)/(-1))/(9/9171)?
1019
Let t(z) = 3*z - 3. Let j be t(4). Suppose -4*w + 4 = 0, 3*g - 5 = -j*w + 4*w. List the prime factors of (g + (-1)/2)*-4.
2
Let o(u) = u + 14. Suppose 4*l - 4*n = 248, -3*l + 4*n - 292 = -8*l. Suppose 0 = -5*a - a - l. What are the prime factors of o(a)?
2
Let s = 93 - 94. List the prime factors of s + 9/18*278/1.
2, 3, 23
Let n be ((-59)/(-2))/((-6)/(-12)). Let x = n + -13. List th